{"id":2833,"date":"2022-07-12T16:28:01","date_gmt":"2022-07-12T16:28:01","guid":{"rendered":"https:\/\/ordnance.info\/?page_id=2833"},"modified":"2022-09-24T15:12:32","modified_gmt":"2022-09-24T15:12:32","slug":"dictionary","status":"publish","type":"page","link":"https:\/\/ordnance.info\/?page_id=2833","title":{"rendered":"DICTIONARY"},"content":{"rendered":"\n<p class=\"has-text-align-justify\">Here you will find a comprehensive dictionary regarding abbreviations related to hand grenades. These abbreviations will appear on boxes and containers, as markings on the hand grenade itself and in official manuals and instructions. <\/p>\n\n\n\n<p>&#8211; Do you have information you want to contribute towards this dictionary? Feel free to contact us through the <a href=\"http:\/\/ordnance.info\/?page_id=3606\">contact page<\/a>.<\/p>\n\n\n\n<figure class=\"wp-block-table is-style-stripes\"><table class=\"has-white-background-color has-background has-fixed-layout\"><thead><tr><th>Abbreviation<\/th><th>Explanation<\/th><th>Translation<\/th><th>Nation<\/th><\/tr><\/thead><tbody><tr><td>A.T. F<\/td><td>Artificio Triple Fumigeno<\/td><td>Smoke, Three Canisters<\/td><td>Argentina<\/td><\/tr><tr><td>A.T.L<\/td><td>Artificio Triple Lacrimogeno<\/td><td>Smoke &amp; Teargas, Three Canisters<\/td><td>Argentina<\/td><\/tr><tr><td>AC<\/td><td>Anti Citernes<\/td><td>Anti Tank<\/td><td>France<\/td><\/tr><tr><td>AN-Mx<\/td><td>Army\/Navy Model X<\/td><td>&#8211;<\/td><td>USA<\/td><\/tr><tr><td>AP<\/td><td>Antipersonnel<\/td><td>Anti Personnel<\/td><td>France<\/td><\/tr><tr><td>AP-AV<\/td><td>Anti V\u00e9hicule Antipersonnel<\/td><td>Anti Personnel Anti Vehicle<\/td><td>France<\/td><\/tr><tr><td>Artifizi Antisommossa<\/td><td>&#8211;<\/td><td>Antiriot Grenades<\/td><td>Italy<\/td><\/tr><tr><td>Aveuglante<\/td><td>Flashbang<\/td><td>Blinding<\/td><td>France<\/td><\/tr><tr><td>BHgr<\/td><td>Brandhandgranate<\/td><td>Incendiary Hand Grenade<\/td><td>Austria<\/td><\/tr><tr><td>Blind<\/td><td>&#8211;<\/td><td>Exercise<\/td><td>Scandinavia<\/td><\/tr><tr><td>BRD<\/td><td>Bomba Rucna Specijalna<\/td><td>Special Handgrenade<\/td><td>Yougoslavia<\/td><\/tr><tr><td>CS<\/td><td>(Chemists Corson and Stoughton) Chlorobenzal Malononitrile<\/td><td>Irritant Gas<\/td><td>&#8211;<\/td><\/tr><tr><td>CN<\/td><td>Chloroacetophenone<\/td><td>Tear Gas<\/td><td>&#8211;<\/td><\/tr><tr><td>CR<\/td><td>Dibenzoxazepine<\/td><td>Tear Gas<\/td><td>&#8211;<\/td><\/tr><tr><td>Cwiczebny<\/td><td>&#8211;<\/td><td>Practice<\/td><td>Poland<\/td><\/tr><tr><td>Defensive Grenade<\/td><td>A thick metal shell container, designed to kill or injure by blast and shrapnels.<\/td><td>&#8211;<\/td><td>&#8211;<\/td><\/tr><tr><td>Df<\/td><td>D\u00e9fensive<\/td><td>Defensive<\/td><td>France<\/td><\/tr><tr><td>DHG<\/td><td>Defensiv Hand Granate<\/td><td>&#8211;<\/td><td>Switzerland<\/td><\/tr><tr><td>Eih.Gr.<\/td><td>Eihandgranate<\/td><td>One Hand Grenade<\/td><td>Germany<\/td><\/tr><tr><td>EC powder<\/td><td>Explosives Company of Stowmarket<\/td><td>Smokeless Powder<\/td><td>Britain<\/td><\/tr><tr><td>F-1<\/td><td>Fugasnaya (granata)<\/td><td>High-explosive grenade<\/td><td>Russia+<\/td><\/tr><tr><td>Frag<\/td><td>Fragmentation<\/td><td>&#8211;<\/td><td>Britain<\/td><\/tr><tr><td>FUM<\/td><td>Fumig\u00e8ne<\/td><td>Smoke<\/td><td>France<\/td><\/tr><tr><td>Gew.Spr<\/td><td>Gewehr Sprenggranate<\/td><td>Riflegrenate<\/td><td>Germany<\/td><\/tr><tr><td>Gr<\/td><td>Grenade<\/td><td>Grenade<\/td><td>France<\/td><\/tr><tr><td>Gr Fl<\/td><td>Grenade Fusil<\/td><td>Rifle Grenade<\/td><td>France<\/td><\/tr><tr><td>Gr Ma<\/td><td>Grenade Main<\/td><td>Hand Grenade<\/td><td>France<\/td><\/tr><tr><td>Gren<\/td><td>Grenade<\/td><td>Grenade<\/td><td>Britain<\/td><\/tr><tr><td>Gyakorl\u00f3<\/td><td>&#8211;<\/td><td>Practice<\/td><td>Hungary<\/td><\/tr><tr><td>HAAG<\/td><td>Hand Anti-Armor Grenade<\/td><td>&#8211;<\/td><td>Britain<\/td><\/tr><tr><td>HC<\/td><td>Hexachloroethane and Zinc smoke mixture<\/td><td>Smoke<\/td><td>USA<\/td><\/tr><tr><td>HG<\/td><td>Hand Grenade<\/td><td>&#8211;<\/td><td>Austria<\/td><\/tr><tr><td>INCEN<\/td><td>Incendiary<\/td><td>&#8211;<\/td><td>USA<\/td><\/tr><tr><td>Inertes<\/td><td>&#8211;<\/td><td>Inert<\/td><td>France<\/td><\/tr><tr><td>IRRT<\/td><td>Irritant<\/td><td>Irritant Gas<\/td><td>Britain<\/td><\/tr><tr><td>K\u00e9zigr\u00e1n\u00e1t<\/td><td>&#8211;<\/td><td>Hand Grenade<\/td><td>Hungary<\/td><\/tr><tr><td>LAC<\/td><td>Lacrymog\u00e8ne<\/td><td>Irritant Gas<\/td><td>France<\/td><\/tr><tr><td>LHgr<\/td><td>Leuchthandgranate<\/td><td>Illuminating Hand Grenade<\/td><td>Austria<\/td><\/tr><tr><td>M<\/td><td>Model<\/td><td>&#8211;<\/td><td>USA<\/td><\/tr><tr><td>NbHG 75<\/td><td>Nebelhandgranate<\/td><td>Smoke Hand Grenade<\/td><td>Austria<\/td><\/tr><tr><td>Obronny<\/td><td>&#8211;<\/td><td>Defensive<\/td><td>Poland<\/td><\/tr><tr><td>Of<\/td><td>Offensive<\/td><td>Offensive<\/td><td>France<\/td><\/tr><tr><td>Offensive Grenade<\/td><td>A nonmetallic container, designed to kill or injure by blast and concussion<\/td><td>&#8211;<\/td><td>&#8211;<\/td><\/tr><tr><td>OFF HG<\/td><td>Offensive Hand Granate<\/td><td>&#8211;<\/td><td>Austria<\/td><\/tr><tr><td>OHG<\/td><td>Offensiv Hand Granate<\/td><td>&#8211;<\/td><td>Switzerland<\/td><\/tr><tr><td>Oktat\u00f3<\/td><td>&#8211;<\/td><td>Excercise<\/td><td>Hungary<\/td><\/tr><tr><td>\u00d8velse<\/td><td>&#8211;<\/td><td>Practice<\/td><td>Norway\/Denmark<\/td><\/tr><tr><td>\u00d6vning<\/td><td>&#8211;<\/td><td>Practice<\/td><td>Sweden<\/td><\/tr><tr><td>PD<\/td><td>Petardo Difensivo<\/td><td>Defensive Explosive<\/td><td>Italy<\/td><\/tr><tr><td>PO<\/td><td>Petardo Offensivo<\/td><td>Offensive Explosive<\/td><td>Italy<\/td><\/tr><tr><td>PH<\/td><td>Phosphoreux<\/td><td>Phosphorous<\/td><td>France<\/td><\/tr><tr><td>PHOS<\/td><td>Phosphorous<\/td><td>&#8211;<\/td><td>South Africa<\/td><\/tr><tr><td>Prac<\/td><td>Practice<\/td><td>Practice<\/td><td>Britan<\/td><\/tr><tr><td>RG<\/td><td>Ruchnaja Granata<\/td><td>Handgrenade<\/td><td>Russia +<\/td><\/tr><tr><td>RGD<\/td><td>Ruchnaya Granata Distantsionnaya<\/td><td>Long-Range Hand Grenade<\/td><td>Russia +<\/td><\/tr><tr><td>RGD<\/td><td>Ruchnaya Granata Degtyareva<\/td><td>Hand Grenade, Degtyarev\/Diakonov design<\/td><td>Russia +<\/td><\/tr><tr><td>RGN<\/td><td>Ruchnaya Granata Nastupatel&#8217;naya<\/td><td>Assault Hand Grenade<\/td><td>Russia +<\/td><\/tr><tr><td>RGO<\/td><td>Ruchnaya Granata Oboronitel&#8217;naya<\/td><td>Defensive Hand Grenade<\/td><td>Russia +<\/td><\/tr><tr><td>RGZ<\/td><td>R\u0119czny Granat Zaczepny<\/td><td>Offensive Hand Grenade<\/td><td>Polish<\/td><\/tr><tr><td>RKG<\/td><td>Ruchnaya Kumulyativnaya Granata<\/td><td>Handheld Shaped Charge Grenade<\/td><td>Russia +<\/td><\/tr><tr><td>R\u00f8g<\/td><td>&#8211;<\/td><td>Smoke<\/td><td>Denmark<\/td><\/tr><tr><td>R\u00f8yk<\/td><td>&#8211;<\/td><td>Smoke<\/td><td>Norway<\/td><\/tr><tr><td>RSPHG<\/td><td>Reloadable Stun Practice Hand Grenade<\/td><td>&#8211;<\/td><td>USA<\/td><\/tr><tr><td>SMK<\/td><td>Smoke<\/td><td>&#8211;<\/td><td>South Africa<\/td><\/tr><tr><td>SplHgr<\/td><td>Splitterhandgranate<\/td><td>Fragmentation Hand Grenade<\/td><td>Austria<\/td><\/tr><tr><td>Spr\u00e4nghandgranat<\/td><td>&#8211;<\/td><td>Explosive Hand Grenade<\/td><td>Sweden<\/td><\/tr><tr><td>Spreng<\/td><td>&#8211;<\/td><td>Blast\/Explosion<\/td><td>Germany\/Norway<\/td><\/tr><tr><td>Szkolny<\/td><td>&#8211;<\/td><td>Instructional<\/td><td>Poland<\/td><\/tr><tr><td>TC<\/td><td>Terephthalic Acid Smoke Mixture<\/td><td>Smoke<\/td><td>&#8211;<\/td><\/tr><tr><td>TH<\/td><td>Thermate TH3<\/td><td>Incendiary<\/td><td>&#8211;<\/td><\/tr><tr><td>\u00dcb<\/td><td>\u00dcbung<\/td><td>Practice<\/td><td>Germany<\/td><\/tr><tr><td>UPG<\/td><td>Uchebnaya Protivotankovaya Granata<\/td><td>Training Antitank Grenad<\/td><td>Russia +<\/td><\/tr><tr><td>URG<\/td><td>Univerzalni Rucni Granat<\/td><td>Universal Hand Grenade<\/td><td>Czech<\/td><\/tr><tr><td>URG-N<\/td><td>Uchebnaya Ruchnaya Granata &#8211; Nastupatelnaya<\/td><td>Training Hand Grenade &#8211; offensive<\/td><td>Russia +<\/td><\/tr><tr><td>WP<\/td><td>White Phosphorous Smoke<\/td><td>&#8211;<\/td><td>USA<\/td><\/tr><tr><td>X<\/td><td>&#8211;<\/td><td>Practice<\/td><td>France<\/td><\/tr><tr><td>Zaczepny<\/td><td>&#8211;<\/td><td>Offensive<\/td><td>Poland<\/td><\/tr><\/tbody><\/table><\/figure>\n","protected":false},"excerpt":{"rendered":"<p>Here you will find a comprehensive dictionary regarding abbreviations related to hand grenades. These abbreviations will appear on boxes and containers, as markings on the hand grenade itself and in official manuals and instructions. &#8211; Do you have information you want to contribute towards this dictionary? Feel free to contact us through the contact page. <a href=\"https:\/\/ordnance.info\/?page_id=2833\" class=\"read-more inline\" title=\"...  Read More\">&#8230;  Read More<\/a><\/p>\n","protected":false},"author":1,"featured_media":0,"parent":0,"menu_order":0,"comment_status":"closed","ping_status":"closed","template":"","meta":{"footnotes":""},"jetpack_sharing_enabled":true,"jetpack_likes_enabled":false,"_links":{"self":[{"href":"https:\/\/ordnance.info\/index.php?rest_route=\/wp\/v2\/pages\/2833"}],"collection":[{"href":"https:\/\/ordnance.info\/index.php?rest_route=\/wp\/v2\/pages"}],"about":[{"href":"https:\/\/ordnance.info\/index.php?rest_route=\/wp\/v2\/types\/page"}],"author":[{"embeddable":true,"href":"https:\/\/ordnance.info\/index.php?rest_route=\/wp\/v2\/users\/1"}],"replies":[{"embeddable":true,"href":"https:\/\/ordnance.info\/index.php?rest_route=%2Fwp%2Fv2%2Fcomments&post=2833"}],"version-history":[{"count":16,"href":"https:\/\/ordnance.info\/index.php?rest_route=\/wp\/v2\/pages\/2833\/revisions"}],"predecessor-version":[{"id":3618,"href":"https:\/\/ordnance.info\/index.php?rest_route=\/wp\/v2\/pages\/2833\/revisions\/3618"}],"wp:attachment":[{"href":"https:\/\/ordnance.info\/index.php?rest_route=%2Fwp%2Fv2%2Fmedia&parent=2833"}],"curies":[{"name":"wp","href":"https:\/\/api.w.org\/{rel}","templated":true}]}}